rt dcb (base 16) to base 15.
10a6
4340 (base 7) to base 10
1547
What is -2133 (base 4) in base 9?
-186
1130123 (base 4) to base 8
13433
760 (base 10) to base 7
2134
-5747 (base 9) to base 3
-12211121
What is 1000001011111 (base 2) in base 8?
10137
Convert 9244 (base 10) to base 6.
110444
-91be (base 15) to base 5
-1441104
What is -1472 (base 9) in base 11?
-927
-5332 (base 6) to base 5
-14313
4133 (base 6) to base 14
49b
Convert -731b (base 14) to base 6.
-231433
-122022 (base 5) to base 11
-3536
What is 210132 (base 4) in base 8?
4436
-33215 (base 6) to base 10
-4619
Convert -11122112 (base 3) to base 7.
-12611
What is 85ca (base 15) in base 5?
1401230
-12001021 (base 3) to base 10
-3679
-4314 (base 5) to base 15
-28e
What is 232a (base 11) in base 13?
1512
1477 (base 12) to base 14
c31
-471 (base 8) to base 5
-2223
3663 (base 8) to base 6
13043
What is 148 (base 16) in base 6?
1304
What is 3346 (base 9) in base 16?
9a8
122122 (base 3) to base 14
260
1eb (base 15) to base 11
376
What is 4112 (base 5) in base 16?
214
193 (base 11) to base 14
11d
What is 25 (base 14) in base 12?
29
What is 231 (base 4) in base 14?
33
Convert 10110100011 (base 2) to base 14.
751
Convert 10102222 (base 4) to base 15.
531d
What is -2216 (base 13) in base 9?
-6458
Convert -7e (base 15) to base 10.
-119
63215 (base 9) to base 11
29396
Convert 257 (base 13) to base 9.
505
-6a9d (base 15) to base 4
-11201320
616 (base 12) to base 6
4030
Convert 8a2 (base 16) to base 12.
1342
1278 (base 11) to base 3
2021102
-3361 (base 12) to base 15
-1a44
20344 (base 7) to base 10
4981
Convert -214215 (base 6) to base 13.
-813b
-200221 (base 3) to base 8
-777
Convert 347 (base 15) to base 10.
742
-13322 (base 4) to base 12
-362
2112 (base 7) to base 9
1016
What is 120332 (base 7) in base 5?
1144104
-1d9 (base 16) to base 8
-731
Convert -113001 (base 4) to base 8.
-2701
Convert 141435 (base 7) to base 13.
c381
14a6 (base 13) to base 6
21533
-1323021 (base 4) to base 2
-1111011001001
Convert 110101010 (base 2) to base 6.
1550
What is 1884 (base 11) in base 5?
34031
What is 22221 (base 5) in base 16?
619
Convert -43170 (base 8) to base 16.
-4678
Convert -1a072 (base 12) to base 3.
-1221021012
Convert 854 (base 10) to base 8.
1526
What is 213353 (base 6) in base 9?
26166
Convert -1b94b (base 13) to base 11.
-37895
Convert -1708 (base 9) to base 15.
-5be
-b35 (base 14) to base 3
-10000121
Convert -531 (base 6) to base 3.
-21101
-22d8 (base 14) to base 10
-6070
-72a (base 11) to base 16
-36f
What is -22011302 (base 4) in base 8?
-120562
What is 211012 (base 4) in base 14?
c18
Convert 6456 (base 11) to base 8.
20523
-5472 (base 11) to base 13
-3393
What is 464 (base 13) in base 8?
1366
Convert -635 (base 7) to base 10.
-320
Convert -27a (base 14) to base 2.
-111110100
What is -520 (base 7) in base 15?
-124
Convert -55252 (base 8) to base 4.
-11222222
-2212 (base 16) to base 7
-34300
-567 (base 8) to base 12
-273
Convert 20033 (base 4) to base 16.
20f
Convert 616 (base 7) to base 16.
133
-130 (base 15) to base 10
-270
What is 1112101 (base 3) in base 4?
101131
-262325 (base 7) to base 8
-137350
-745 (base 12) to base 14
-55b
-2516 (base 11) to base 4
-303110
Convert -19a7 (base 16) to base 15.
-1e2c
b16 (base 12) to base 9
2170
-11320 (base 5) to base 10
-835
Convert 110 (base 16) to base 15.
132
Convert -3926 (base 14) to base 8.
-23456
What is -125 (base 11) in base 13?
-b5
Convert 4432 (base 9) to base 10.
3269
Convert 3121 (base 6) to base 14.
37b
What is -551 (base 7) in base 13?
-188
Convert -123301 (base 4) to base 2.
-11011110001
What is -43013 (base 5) in base 6?
-21203
Convert -53443 (base 7) to base 13.
-6061
Convert 47681 (base 9) to base 4.
13302202
Convert 1020302 (base 4) to base 2.
1001000110010
What is -2a97 (base 11) in base 6?
-30230
What is 16565 (base 7) in base 6?
33555
Convert -48 (base 12) to base 11.
-51
What is 11372 (base 8) in base 13?
2299
What is 5921 (base 11) in base 12?
45b3
-2b65 (base 13) to base 10
-6336
Convert -22020110 (base 3) to base 12.
-3586
-34430 (base 5) to base 15
-b10
Convert 23336 (base 7) to base 12.
3585
13033 (base 4) to base 7
1231
-2641 (base 7) to base 15
-474
What is -e63 (base 16) in base 11?
-2849
What is -7264 (base 16) in base 2?
-111001001100100
-1b6 (base 15) to base 10
-396
What is 2b (base 12) in base 3?
1022
1021110111 (base 3) to base 6
312151
56 (base 15) to base 16
51
-1918 (base 11) to base 14
-c63
What is -23212 (base 6) in base 5?
-101240
21211 (base 3) to base 5
1321
Convert -1441202 (base 6) to base 2.
-10100010100100010
-101011010111 (base 2) to base 12
-1733
Convert -145100 (base 7) to base 6.
-334235
What is -410410 (base 5) in base 12?
-77a6
11b (base 13) to base 8
301
-2e (base 15) to base 6
-112
Convert -122112202 (base 3) to base 7.
-52202
What is -442303 (base 5) in base 15?
-481d
Convert -1271 (base 11) to base 4.
-121303
What is -5444 (base 10) in base 5?
-133234
Convert -3443 (base 7) to base 5.
-20011
What is -183 (base 16) in base 6?
-1443
Convert -110111111000011 (base 2) to base 7.
-146262
-59a (base 11) to base 10
-714
What is -52102 (base 7) in base 15?
-3b97
1403033 (base 6) to base 9
128523
1085 (base 9) to base 8
1446
Convert 3a26 (base 13) to base 10.
8313
What is -7b (base 14) in base 16?
-6d
Convert -100120122 (base 3) to base 12.
-405b
Convert 796 (base 10) to base 2.
1100011100
What is -313 (base 6) in base 4?
-1311
2234 (base 5) to base 9
384
Convert 4165 (base 7) to base 5.
21333
Convert 27422 (base 8) to base 11.
9065
1025412 (base 6) to base 16
c530
210220 (base 3) to base 7
1503
Convert -2001221120 (base 3) to base 10.
-40785
Convert 2298 (base 12) to base 5.
110420
Convert 933 (base 13) to base 11.
11a1
Convert -220301 (base 7) to base 9.
-57808
10110010100000 (base 2) to base 11
8646
Convert 2a5c (base 13) to base 6.
44305
Convert -25035 (base 6) to base 15.
-1165
2110220 (base 3) to base 9
2426
What is -16a (base 11) in base 3?
-21022
-1233 (base 7) to base 13
-29a
210230 (base 6) to base 2
100001000101010
What is 6875 (base 9) in base 14?
1bd8
What is a30 (base 11) in base 6?
5431
Convert 5315 (base 10) to base 13.
255b
-320004 (base 6) to base 8
-62504
Convert -1024 (base 7) to base 15.
-191
Convert -32124 (base 5) to base 3.
-2222011
Convert 1c8 (base 15) to base 8.
635
-11b55 (base 15) to base 3
-2212120122
10 (base 2) to base 15
2
-13ae (base 16) to base 8
-11656
-17083 (base 9) to base 5
-333424
What is -321103 (base 4) in base 5?
-104132
What is -128aa (base 11) in base 15?
-56b1
-1497 (base 12) to base 15
-ab4
What is 122 (base 12) in base 9?
208
What is 1ab (base 15) in base 5?
3021
Convert 1001000 (base 2) to base 16.
48
Convert -1144 (base 11) to base 2.
-10111011100
-524033 (base 6) to base 13
-16383
Convert -23343 (base 5) to base 16.
-6bb
Convert -34 (base 14) to base 5.
-141
Convert 653 (base 7) to base 13.
1c7
What is 9 (base 15) in base 3?
100
Convert 35d8 (base 15) to base 13.
52a0
What is -113 (base 5) in base 6?
-53
Convert 361304 (base 7) to base 10.
65321
Convert 664 (base 13) to base 7.
3124
What is -5369 (base 16) in base 6?
-242505
Convert -7944 (base 12) to base 5.
-412234
What is -2f0b (base 16) in base 9?
-17461
Convert -241312 (base 5) to base 9.
-13252
Convert 21704 (base 13) to base 15.
12ddb
Convert -19d8 (base 16) to base 9.
-10061
What is 101230 (base 4) in base 14?
5ac
-4550 (base 10) to base 3
-20020112
What is 1010222 (base 3) in base 13?
4c4
Convert -932 (base 10) to base 7.
-2501
What is -692 (base 14) in base 12?
-908
Convert -12345 (base 7) to base 12.
-1a83
Convert -1562 (base 8) to base 11.
-732
What is 44 (base 7) in base 4?
200
What is 1cd (base 16) in base 12?
325
5edb (base 16) to base 8
57333
What is -149 (base 11) in base 9?
-213
Convert -a1a (base 11) to base 3.
-1200121
Convert -31433 (base 5) to base 2.
-100001000110
Convert 2279 (base 13) to base 2.
1001011100000
What is -22606 (base 7) in base 14?
-2176
2212000 (base 3) to base 9
2760
What is 1043234 (base 5) in base 12?
a8b5
What is -33030 (base 4) in base 10?
-972
31d (base 16) to base 11
665
What is 11606 (base 13) in base 4?
13300202
What is 6113 (base 7) in base 10?
2117
Convert -3013 (base 5) to base 3.
-112012
Convert -4553 (base 8) to base 9.
-3268
4035 (base 7) to base 1